{"id":245,"date":"2024-09-27T22:20:48","date_gmt":"2024-09-27T20:20:48","guid":{"rendered":"http:\/\/localhost\/gavf\/?page_id=245"},"modified":"2025-09-25T22:23:42","modified_gmt":"2025-09-25T20:23:42","slug":"documents","status":"publish","type":"page","link":"https:\/\/gavf44.fr\/site-prd\/documents\/","title":{"rendered":"documents"},"content":{"rendered":"<p><span style=\"font-size: 14pt;\"><em><span style=\"color: #339966;\"><strong>Vous trouverez ci-dessous divers documents au format PDF:<\/strong><\/span><\/em><\/span><\/p>\n<ol>\n<li><strong>Feuille de pr\u00e9sence (FMI)<\/strong><br \/>\nFeuille de pr\u00e9sence simplifi\u00e9e, en remplacement de la FMI<br \/>\n<span style=\"font-size: 14pt;\"><span style=\"font-size: 14pt;\"><span style=\"font-size: 14pt;\"><em><strong><a href=\"http:\/\/www.gavf44.fr\/site-prd\/Doc_PDF\/FMI_Fiche_Presence.xls\" target=\"_blank\" rel=\"noopener\">(Feuille de Pr\u00e9sence)<\/a><\/strong><\/em><\/span><\/span><\/span><\/li>\n<li><strong>D\u00e9claration d&rsquo;un sinistre<\/strong><br \/>\nProc\u00e9dure \u00e0 suivre pour d\u00e9clarer un accident survenu lors d&rsquo;une rencontre,<br \/>\n<span style=\"font-size: 14pt;\"><span style=\"font-size: 14pt;\"><span style=\"font-size: 14pt;\"><span style=\"font-size: 14pt;\"><span style=\"font-size: 14pt;\"><span style=\"font-size: 14pt;\"><span style=\"font-size: 14pt;\"><span style=\"font-size: 14pt;\"><span style=\"font-size: 14pt;\"><span style=\"font-size: 14pt;\"><span style=\"font-size: 14pt;\"><span style=\"font-size: 14pt;\"><strong><a href=\"http:\/\/www.gavf44.fr\/site-prd\/Doc_PDF\/Proc_Declaration_accident.pdf\" target=\"_blank\" rel=\"noopener\"><em>(ACCIDENT)<\/em><\/a><\/strong><\/span><\/span><\/span><\/span><\/span><\/span><\/span><\/span><\/span><\/span><\/span><\/span><\/li>\n<li><strong>FMI<\/strong><br \/>\nConseils d&rsquo;utilisation, R\u00e9initialisation du Mot de Passe,<br \/>\nAcc\u00e8s \u00e0 l&rsquo;\u00e9quipe v\u00e9t\u00e9rans,<br \/>\nComposition des \u00e9quipes<br \/>\n<span style=\"font-size: 14pt;\"><strong><a href=\"http:\/\/www.gavf44.fr\/site-prd\/Doc_PDF\/FMI_2024.pdf\" target=\"_blank\" rel=\"noopener\"><em>(FMI)<\/em><\/a><\/strong><\/span><em><br \/>\n<\/em><\/li>\n<li><strong>Guide d&rsquo;utilisation de la Tablette pour la mise a jour des FMI<\/strong><br \/>\n<a href=\"http:\/\/www.gavf44.fr\/site-prd\/Doc_PDF\/GAVF44_FMI.pdf\" target=\"_blank\" rel=\"noopener\"><em><span style=\"font-size: 14pt;\"><strong>(Guide utilisation FMI<\/strong><\/span><\/em><\/a><\/li>\n<\/ol>\n","protected":false},"excerpt":{"rendered":"<p>Vous trouverez ci-dessous divers documents au format PDF: Feuille de pr\u00e9sence (FMI) Feuille de pr\u00e9sence simplifi\u00e9e, en remplacement de la FMI (Feuille de Pr\u00e9sence) D\u00e9claration d&rsquo;un sinistre Proc\u00e9dure \u00e0 suivre pour d\u00e9clarer un accident survenu lors d&rsquo;une rencontre, (ACCIDENT) FMI Conseils d&rsquo;utilisation, R\u00e9initialisation du Mot de Passe, Acc\u00e8s \u00e0 l&rsquo;\u00e9quipe v\u00e9t\u00e9rans, Composition des \u00e9quipes (FMI) Guide d&rsquo;utilisation de la Tablette&#46;&#46;&#46;<\/p>\n","protected":false},"author":1,"featured_media":0,"parent":0,"menu_order":0,"comment_status":"closed","ping_status":"closed","template":"","meta":{"footnotes":""},"class_list":["post-245","page","type-page","status-publish","hentry"],"_links":{"self":[{"href":"https:\/\/gavf44.fr\/site-prd\/wp-json\/wp\/v2\/pages\/245","targetHints":{"allow":["GET"]}}],"collection":[{"href":"https:\/\/gavf44.fr\/site-prd\/wp-json\/wp\/v2\/pages"}],"about":[{"href":"https:\/\/gavf44.fr\/site-prd\/wp-json\/wp\/v2\/types\/page"}],"author":[{"embeddable":true,"href":"https:\/\/gavf44.fr\/site-prd\/wp-json\/wp\/v2\/users\/1"}],"replies":[{"embeddable":true,"href":"https:\/\/gavf44.fr\/site-prd\/wp-json\/wp\/v2\/comments?post=245"}],"version-history":[{"count":39,"href":"https:\/\/gavf44.fr\/site-prd\/wp-json\/wp\/v2\/pages\/245\/revisions"}],"predecessor-version":[{"id":648,"href":"https:\/\/gavf44.fr\/site-prd\/wp-json\/wp\/v2\/pages\/245\/revisions\/648"}],"wp:attachment":[{"href":"https:\/\/gavf44.fr\/site-prd\/wp-json\/wp\/v2\/media?parent=245"}],"curies":[{"name":"wp","href":"https:\/\/api.w.org\/{rel}","templated":true}]}}